{"id":350,"date":"2022-01-20T14:29:54","date_gmt":"2022-01-20T17:29:54","guid":{"rendered":"https:\/\/aratoniomontagens.com.br\/?page_id=350"},"modified":"2024-01-22T10:45:58","modified_gmt":"2024-01-22T13:45:58","slug":"servicos","status":"publish","type":"page","link":"https:\/\/aratoniomontagens.com.br\/index.php\/servicos\/","title":{"rendered":"Servi\u00e7os"},"content":{"rendered":"\n<h2>\n\t\tSERVI\u00c7OS\n\t<\/h2>\n\t<h2>SOLDAS<\/h2><h3>Especializado em Soldas P11. P22<\/h3>\n\t<h3>PINTURAS<\/h3><h3>Pinturas Industriais e Jateamento<\/h3>\n\t<h3>ESTRUTURAS MET\u00c1LICAS<\/h3><h3>Fabrica\u00e7\u00e3o de Estruturas Met\u00e1licas<\/h3>\n\t<h3>CALDEIRAS<\/h3><h3>Montagem de Caldeiras de Baixa e Alta Press\u00e3o<\/h3>\n\t<h3>TANQUES<\/h3><h3>Tanques Met\u00e1licos de Alta Capacidade<\/h3>\n\t<h3>MANUTEN\u00c7\u00c3O<\/h3><h3>Manuten\u00e7\u00e3o Industrial<\/h3>\n\t<h3>MONTAGEM<\/h3><h3>Montagem e Manuten\u00e7\u00e3o de Silos<\/h3>\n\t<h3>FABRICA\u00c7\u00c3O<\/h3><h3>Fabricamos e Montamos Base de Distribuidora de Combust\u00edvel<\/h3>\n<h2>\n\t\tSOLICITE UM OR\u00c7AMENTO!\n\t<\/h2>\n\t<p>Entre em contato para solicitar um or\u00e7amento sobre nossas solu\u00e7\u00f5es!<\/p>\n\t\t\t<a href=\"http:\/\/api.whatsapp.com\/send?1=pt_BR&#038;phone=5516981968934\" target=\"_blank\" rel=\"noopener\">\n\t\t\t\t\t\tClique Aqui\n\t\t\t\t\t<\/a>\n\n","protected":false},"excerpt":{"rendered":"<p>SERVI\u00c7OS SOLDAS Especializado em Soldas P11. P22 PINTURAS Pinturas Industriais e Jateamento ESTRUTURAS MET\u00c1LICAS Fabrica\u00e7\u00e3o de Estruturas Met\u00e1licas CALDEIRAS Montagem de Caldeiras de Baixa e Alta Press\u00e3o TANQUES Tanques Met\u00e1licos de Alta Capacidade MANUTEN\u00c7\u00c3O Manuten\u00e7\u00e3o Industrial MONTAGEM Montagem e Manuten\u00e7\u00e3o de Silos FABRICA\u00c7\u00c3O Fabricamos e Montamos Base de Distribuidora de Combust\u00edvel SOLICITE UM OR\u00c7AMENTO! Entre&hellip;<\/p>\n","protected":false},"author":1,"featured_media":0,"parent":0,"menu_order":0,"comment_status":"closed","ping_status":"closed","template":"","meta":{"footnotes":""},"class_list":["post-350","page","type-page","status-publish","hentry"],"yoast_head":"<!-- This site is optimized with the Yoast SEO plugin v22.9 - https:\/\/yoast.com\/wordpress\/plugins\/seo\/ -->\n<title>Servi\u00e7os - Aratonio Montagens<\/title>\n<meta name=\"robots\" content=\"index, follow, max-snippet:-1, max-image-preview:large, max-video-preview:-1\" \/>\n<link rel=\"canonical\" href=\"https:\/\/aratoniomontagens.com.br\/index.php\/servicos\/\" \/>\n<meta property=\"og:locale\" content=\"pt_BR\" \/>\n<meta property=\"og:type\" content=\"article\" \/>\n<meta property=\"og:title\" content=\"Servi\u00e7os - Aratonio Montagens\" \/>\n<meta property=\"og:description\" content=\"SERVI\u00c7OS SOLDAS Especializado em Soldas P11. P22 PINTURAS Pinturas Industriais e Jateamento ESTRUTURAS MET\u00c1LICAS Fabrica\u00e7\u00e3o de Estruturas Met\u00e1licas CALDEIRAS Montagem de Caldeiras de Baixa e Alta Press\u00e3o TANQUES Tanques Met\u00e1licos de Alta Capacidade MANUTEN\u00c7\u00c3O Manuten\u00e7\u00e3o Industrial MONTAGEM Montagem e Manuten\u00e7\u00e3o de Silos FABRICA\u00c7\u00c3O Fabricamos e Montamos Base de Distribuidora de Combust\u00edvel SOLICITE UM OR\u00c7AMENTO! Entre&hellip;\" \/>\n<meta property=\"og:url\" content=\"https:\/\/aratoniomontagens.com.br\/index.php\/servicos\/\" \/>\n<meta property=\"og:site_name\" content=\"Aratonio Montagens\" \/>\n<meta property=\"article:modified_time\" content=\"2024-01-22T13:45:58+00:00\" \/>\n<meta name=\"twitter:card\" content=\"summary_large_image\" \/>\n<script type=\"application\/ld+json\" class=\"yoast-schema-graph\">{\"@context\":\"https:\/\/schema.org\",\"@graph\":[{\"@type\":\"WebPage\",\"@id\":\"https:\/\/aratoniomontagens.com.br\/index.php\/servicos\/\",\"url\":\"https:\/\/aratoniomontagens.com.br\/index.php\/servicos\/\",\"name\":\"Servi\u00e7os - Aratonio Montagens\",\"isPartOf\":{\"@id\":\"https:\/\/aratoniomontagens.com.br\/#website\"},\"datePublished\":\"2022-01-20T17:29:54+00:00\",\"dateModified\":\"2024-01-22T13:45:58+00:00\",\"breadcrumb\":{\"@id\":\"https:\/\/aratoniomontagens.com.br\/index.php\/servicos\/#breadcrumb\"},\"inLanguage\":\"pt-BR\",\"potentialAction\":[{\"@type\":\"ReadAction\",\"target\":[\"https:\/\/aratoniomontagens.com.br\/index.php\/servicos\/\"]}]},{\"@type\":\"BreadcrumbList\",\"@id\":\"https:\/\/aratoniomontagens.com.br\/index.php\/servicos\/#breadcrumb\",\"itemListElement\":[{\"@type\":\"ListItem\",\"position\":1,\"name\":\"In\u00edcio\",\"item\":\"https:\/\/aratoniomontagens.com.br\/\"},{\"@type\":\"ListItem\",\"position\":2,\"name\":\"Servi\u00e7os\"}]},{\"@type\":\"WebSite\",\"@id\":\"https:\/\/aratoniomontagens.com.br\/#website\",\"url\":\"https:\/\/aratoniomontagens.com.br\/\",\"name\":\"Aratonio Montagens\",\"description\":\"Montagem e Manuten\u00e7\u00e3o Industrial\",\"potentialAction\":[{\"@type\":\"SearchAction\",\"target\":{\"@type\":\"EntryPoint\",\"urlTemplate\":\"https:\/\/aratoniomontagens.com.br\/?s={search_term_string}\"},\"query-input\":\"required name=search_term_string\"}],\"inLanguage\":\"pt-BR\"}]}<\/script>\n<!-- \/ Yoast SEO plugin. -->","yoast_head_json":{"title":"Servi\u00e7os - Aratonio Montagens","robots":{"index":"index","follow":"follow","max-snippet":"max-snippet:-1","max-image-preview":"max-image-preview:large","max-video-preview":"max-video-preview:-1"},"canonical":"https:\/\/aratoniomontagens.com.br\/index.php\/servicos\/","og_locale":"pt_BR","og_type":"article","og_title":"Servi\u00e7os - Aratonio Montagens","og_description":"SERVI\u00c7OS SOLDAS Especializado em Soldas P11. P22 PINTURAS Pinturas Industriais e Jateamento ESTRUTURAS MET\u00c1LICAS Fabrica\u00e7\u00e3o de Estruturas Met\u00e1licas CALDEIRAS Montagem de Caldeiras de Baixa e Alta Press\u00e3o TANQUES Tanques Met\u00e1licos de Alta Capacidade MANUTEN\u00c7\u00c3O Manuten\u00e7\u00e3o Industrial MONTAGEM Montagem e Manuten\u00e7\u00e3o de Silos FABRICA\u00c7\u00c3O Fabricamos e Montamos Base de Distribuidora de Combust\u00edvel SOLICITE UM OR\u00c7AMENTO! Entre&hellip;","og_url":"https:\/\/aratoniomontagens.com.br\/index.php\/servicos\/","og_site_name":"Aratonio Montagens","article_modified_time":"2024-01-22T13:45:58+00:00","twitter_card":"summary_large_image","schema":{"@context":"https:\/\/schema.org","@graph":[{"@type":"WebPage","@id":"https:\/\/aratoniomontagens.com.br\/index.php\/servicos\/","url":"https:\/\/aratoniomontagens.com.br\/index.php\/servicos\/","name":"Servi\u00e7os - Aratonio Montagens","isPartOf":{"@id":"https:\/\/aratoniomontagens.com.br\/#website"},"datePublished":"2022-01-20T17:29:54+00:00","dateModified":"2024-01-22T13:45:58+00:00","breadcrumb":{"@id":"https:\/\/aratoniomontagens.com.br\/index.php\/servicos\/#breadcrumb"},"inLanguage":"pt-BR","potentialAction":[{"@type":"ReadAction","target":["https:\/\/aratoniomontagens.com.br\/index.php\/servicos\/"]}]},{"@type":"BreadcrumbList","@id":"https:\/\/aratoniomontagens.com.br\/index.php\/servicos\/#breadcrumb","itemListElement":[{"@type":"ListItem","position":1,"name":"In\u00edcio","item":"https:\/\/aratoniomontagens.com.br\/"},{"@type":"ListItem","position":2,"name":"Servi\u00e7os"}]},{"@type":"WebSite","@id":"https:\/\/aratoniomontagens.com.br\/#website","url":"https:\/\/aratoniomontagens.com.br\/","name":"Aratonio Montagens","description":"Montagem e Manuten\u00e7\u00e3o Industrial","potentialAction":[{"@type":"SearchAction","target":{"@type":"EntryPoint","urlTemplate":"https:\/\/aratoniomontagens.com.br\/?s={search_term_string}"},"query-input":"required name=search_term_string"}],"inLanguage":"pt-BR"}]}},"_links":{"self":[{"href":"https:\/\/aratoniomontagens.com.br\/index.php\/wp-json\/wp\/v2\/pages\/350","targetHints":{"allow":["GET"]}}],"collection":[{"href":"https:\/\/aratoniomontagens.com.br\/index.php\/wp-json\/wp\/v2\/pages"}],"about":[{"href":"https:\/\/aratoniomontagens.com.br\/index.php\/wp-json\/wp\/v2\/types\/page"}],"author":[{"embeddable":true,"href":"https:\/\/aratoniomontagens.com.br\/index.php\/wp-json\/wp\/v2\/users\/1"}],"replies":[{"embeddable":true,"href":"https:\/\/aratoniomontagens.com.br\/index.php\/wp-json\/wp\/v2\/comments?post=350"}],"version-history":[{"count":5,"href":"https:\/\/aratoniomontagens.com.br\/index.php\/wp-json\/wp\/v2\/pages\/350\/revisions"}],"predecessor-version":[{"id":440,"href":"https:\/\/aratoniomontagens.com.br\/index.php\/wp-json\/wp\/v2\/pages\/350\/revisions\/440"}],"wp:attachment":[{"href":"https:\/\/aratoniomontagens.com.br\/index.php\/wp-json\/wp\/v2\/media?parent=350"}],"curies":[{"name":"wp","href":"https:\/\/api.w.org\/{rel}","templated":true}]}}